derivative of b**4/4 + 5*b**3/3 + b**2/2 - 4*b + 5. Calculate d(-4).
8
Suppose -30*o + 28*o + 4 = 0. Let w(l) = 3*l + 1. Determine w(o).
7
Let j(s) be the first derivative of -s**4/4 - 5*s**3/3 - 2*s - 2. Give j(-5).
-2
Suppose 5*a = 4*t, 0 = -3*t + 4*a - 7*a - 27. Let c(f) = f**2 + 6*f - 1. Give c(t).
-6
Suppose -3 - 1 = -2*n. Let c(z) be the first derivative of -2*z - 3*z**2 - 1 - 3*z**2 + 4*z**n. What is c(-2)?
6
Suppose 15 = -3*m + 3*c, c = -0 + 2. Let y(z) = -3*z - 3. Calculate y(m).
6
Let s = -7 - -8. Let y(r) = -2*r + 2 - s + r**2 + 0*r**2. What is y(3)?
4
Let r(u) = u**3 - 3*u**2 + 3*u - 3. Let q(d) = d**2 + d - 3. Let k be q(0). Let v be ((-6)/(-4))/(k/(-4)). Determine r(v).
-1
Let g(f) = -f - 9. Suppose 0 = -7*j + 4*j - 36. Determine g(j).
3
Let p be 6 + -3 - 5/((-2)/(-2)). Let c(o) = 2*o**2 - 2*o + 1. Calculate c(p).
13
Let t(c) = 10*c**2 + 2*c - 9. Let u(v) = -7*v**2 - v + 6. Let r(h) = -5*t(h) - 7*u(h). Give r(-5).
-7
Let y = 15 + -22. Let l(q) = q**2 + 9*q + 6. Let s be l(y). Let w(u) = -u**2 - 7*u + 2. Determine w(s).
-6
Let b(q) = q**3 + 3*q**2 + 3. Let w be b(-3). Let u(s) = -s**2 + 4*s + 2. Let t(o) = 2*o**2 - 8*o - 5. Let n(i) = 3*t(i) + 7*u(i). Determine n(w).
2
Let k be ((-20)/(-8) + -2)*4. Let t(g) = 3*g**2 - g + 1. Determine t(k).
11
Let i = 7 + -4. Let r = -2 + i. Let j(a) = 3*a**2 - 3*a**2 + a - 1 + 5*a**3 + a - 2*a**2. What is j(r)?
4
Let c(l) = -l**3 - 6*l**2 - 3*l. Let u be (33/22)/((-3)/6). What is c(u)?
-18
Let v(u) = u + 2. Let f(d) = d - 5. Let a(w) = 1. Let x(t) = 4*a(t) - f(t). Suppose -4*g + 25 = -n, -2*n = -4*g - g + 35. Let j be x(g). What is v(j)?
6
Suppose 5*r - 4*q = -9*q + 35, -r = -4*q + 18. Let u(z) = 14*z - 6. Let g(w) = -21*w + 9. Let i(c) = 5*g(c) + 7*u(c). Calculate i(r).
-11
Suppose 0*w = -4*a - 5*w + 26, -4*a + 8 = -4*w. Let v(j) = -j**3 + 4*j**2 + 5*j - 2. What is v(a)?
18
Let v(r) = 1 - 534*r - r**3 + 537*r + 1 - r**2 + 0. Suppose n + 6 - 3 = 0. Calculate v(n).
11
Suppose 19 = 9*w - 17. Let y(j) = j**3 - 3*j**2 - 3*j - 5. Give y(w).
-1
Suppose -b = -o, 2*b - 26 + 2 = -4*o. Let d(l) be the third derivative of l**6/120 - l**5/20 - l**4/6 + 2*l**3/3 - 6*l**2. Calculate d(o).
4
Let g(m) = -m**2. Let o be -7 + 3 + 2*(-1)/(-2). Calculate g(o).
-9
Suppose 3*n - 4*t - 9 = -0*t, 5*t - 36 = -3*n. Let g be n/9 + 8/36. Let k(p) = -6*p. Give k(g).
-6
Suppose -10 = -0*m + 2*m. Let w(f) = -3. Let u(a) = -a - 9. Let k(s) = 2*u(s) - 4*w(s). What is k(m)?
4
Suppose 0 = 2*n + 6 - 10. Let c(k) be the first derivative of -2 + 1/3*k**3 + 3/2*k**n + 3*k. Determine c(-2).
1
Let y(j) be the second derivative of j**5/60 - j**4/24 - 3*j**2/2 + 3*j. Let i(k) be the first derivative of y(k). Calculate i(-2).
6
Let r(y) = -5*y. Let z(i) = 11*i - 1. Let q(l) = -9*r(l) - 4*z(l). Determine q(-4).
0
Let f(u) = -u + 3. Suppose -4*k = 2*n - 7 - 1, -2*n + 5*k + 8 = 0. Calculate f(n).
-1
Let p(y) = -y**2 + 6*y + 3. Let w be p(6). Let j(u) = 2 - 2*u - w*u**2 - 7 + 2 + 2*u**2. Let n(b) = -b**3 - 8*b**2 + 8*b - 11. Let c be n(-9). Calculate j(c).
-3
Suppose 58 + 2 = 4*w. Let t(n) = 5*n**3. Let r be t(1). Suppose -3*q = -q + 2, r*z - 5*q - w = 0. Let i(a) = a**2 - a. Give i(z).
2
Let r = 4 - 4. Suppose 4*y = -4*f, -6 = -r*f + f - 5*y. Let o(u) be the third derivative of -u**4/8 - u**3/6 - 2*u**2. Determine o(f).
2
Suppose 0*x + 5*o = -x, 4*x = -5*o. Let b = 2 - x. Let q(f) = -f. Let j(a) = -3*a + 1. Let z(m) = -2*j(m) + 5*q(m). Determine z(b).
0
Suppose 11*i - 6 - 5 = 0. Let p(b) = b. Determine p(i).
1
Let u(v) be the third derivative of 2*v**4/3 - 9*v**2. Give u(-1).
-16
Let m(a) be the third derivative of a**4/4 + a**3/3 + 2*a**2. What is m(-2)?
-10
Let t(i) be the second derivative of i**3/6 + 3*i**2 - 19*i. Calculate t(-5).
1
Let u(r) = -5*r**2 - 8 - 13*r - 9*r + 18*r + r**3. What is u(6)?
4
Let t(x) = -x. Let w(r) = -4*r - 4. Suppose -4*j = 4*k + 44, 2*k - 4 = 4*j + 4. Let n(s) = k*t(s) + w(s). Give n(5).
6
Let i(t) = -t**3 - t**2 + 1. Let g(f) = -5*f**2 - 59*f - f**3 - 4*f**2 + 65*f + 9. Let w(n) = g(n) - 2*i(n). Calculate w(6).
7
Let s(a) = 10*a**3 + 1. Let y(g) = g**2 - 6*g - 9. Let o be y(6). Let q be 10/6 + 6/o. Calculate s(q).
11
Let x(a) be the first derivative of a**4/12 + a**3/3 - 3*a**2/2 + 1. Let t(q) be the second derivative of x(q). Determine t(-3).
-4
Let s be (1/(-2))/(2/4). Let b(c) = 2*c - 3*c + 2*c + 2*c**2 - 8*c**3. Give b(s).
9
Let h(x) = -x**2 - 6*x + 8. Let r be (-4)/(-6) - 43/(-3). Suppose -45 + r = 5*j. Give h(j).
8
Let k(a) = -4*a - 1 - 6*a**2 + 2 + 5*a**2 + 5. Give k(-7).
-15
Let l(x) be the second derivative of -x**5/20 - x**4/12 - x**3/6 - 8*x. Give l(-1).
1
Suppose -7 + 0 = -2*p + 3*d, -5*p + 46 = 2*d. Let f be (2/p)/((-1)/(-20)). Let q(r) = r - 2. Let j(t) = -2*t + 3. Let k(s) = f*q(s) + 3*j(s). Calculate k(2).
-3
Let p(o) = -6*o**2 + o - 3. Let y(a) = a**2 + a + 1. Let u(n) = p(n) + 5*y(n). Let i(s) be the first derivative of u(s). Calculate i(4).
-2
Let p(r) = -4 + 3*r - 2*r**2 + 9*r**2 - 6*r**2. Calculate p(-4).
0
Let k(z) = 5 + 2*z - 4*z**2 + 3*z**2 - 9. Let y be (2 + -1)/(4/(-12)). Let h be 0/2 - 9/y. Calculate k(h).
-7
Let n(o) = -o + 1. Let x(d) = -2*d - 20. Let g(l) = -l - 10. Let a(k) = 7*g(k) - 3*x(k). Let i be a(-6). Calculate n(i).
5
Let f(s) = s**3 + 7*s**2. Let x(v) = -v - 7. Let l be x(-8). Suppose -d - 8 + l = 0. Calculate f(d).
0
Let i be (-16)/24*(15/(-6))/5. Let v(p) be the third derivative of 0 + 0*p**4 - 1/60*p**5 - 1/120*p**6 + 0*p - 4*p**2 - i*p**3. Calculate v(0).
-2
Let m(s) = 5*s + 7. Suppose -3*k - 2*k = 25. Let b(h) = 11*h + 15. Let u(n) = k*m(n) + 2*b(n). Calculate u(-4).
7
Let z(j) be the first derivative of j**4/4 + 5*j**3/3 + 2*j**2 + 2*j - 11. Calculate z(-4).
2
Suppose 0 = -4*z + 3 + 5. Let q(j) = 0*j - 1 - 5*j + 0*j**2 + 2 - j**z. Determine q(-6).
-5
Let c(n) = -n**2 + 7*n - 3. Let k(r) = -2*r**2 + 14*r - 7. Let a(f) = 9*c(f) - 4*k(f). Give a(6).
7
Let h = -31 + 35. Let v(a) be the first derivative of -a**2 + 4*a + 1. Give v(h).
-4
Let a = -13 - -8. Let d(i) = i + 6. What is d(a)?
1
Let o(s) = -14*s + 6*s + 10*s. Give o(-1).
-2
Let m(a) = 1 + 27*a**3 - 28*a**3 - 4*a**2 + 0*a**2 - a. What is m(-3)?
-5
Let x(f) = -f**3 + 3*f**2 + 4*f - 4. Let a = -16 + 24. Suppose 3*n - 3 = l + 5, a = 2*l. Determine x(n).
-4
Let m(q) = q. Suppose -2*j = 3*d - 6, 2*j - 4 - 2 = 3*d. Give m(j).
3
Let q(z) = -3 + z - 2*z + 4. Let h be q(-1). Let t(i) = 4*i - 1 + 1 - 2 + 0*i. Calculate t(h).
6
Let b(z) be the first derivative of -z**4/4 - 3*z**3 - 7*z**2/2 - 8*z + 29. What is b(-8)?
-16
Let b(v) = v**2 - 8*v + 9. Let z be b(6). Let c(r) = 4*r + 3. Let f(i) = -i - 1. Let g(q) = z*f(q) - c(q). Let m(h) = -2*h - 7. Let n be m(-5). Determine g(n).
-3
Suppose 4 = 3*r + r. Let u(m) be the second derivative of -7*m**4/12 - m**3/6 + m**2/2 + 7*m - 1. Give u(r).
-7
Suppose -2*g - l + 6 = 0, 0 = 4*g + l + 3*l - 12. Let n(a) = -2*a**2 + 0*a - 3*a + g*a. Determine n(2).
-8
Let p(r) = -3*r**2 - r. Let i(g) = g**3 + 5*g**2 + g + 4. Let w be -3 - (1 - (1 - 2)). Let s be i(w). Determine p(s).
-2
Let d(s) = -s**2 - 10*s - 8. Let j = -1 - 7. Let t be d(j). Let q = t + -7. Let r(w) = -w**2 + w. Determine r(q).
0
Let a(i) be the first derivative of -i**2 - 6*i + 5. Determine a(-6).
6
Let d(i) be the first derivative of i**4/4 + i**3 + i**2/2 - 4. Give d(-2).
2
Let g(s) = s**2 + 5*s + 1. Let c = -6 - -8. Suppose c*k - 5 = -13. What is g(k)?
-3
Let o(b) be the second derivative of -b**5/20 + b**4/4 - b**3/2 - b**2/2 - b. Determine o(3).
-10
Let t = 0 + -2. Let d(j) = -j**2 - 1. What is d(t)?
-5
Let g(s) be the third derivative of s**5/60 - s**4/8 - 2*s**3/3 + s**2. Suppose -2 = -j - 7. Let t = 8 + j. Give g(t).
-4
Let i be -4 + 0/(4 + 0). Let q(y) = y**3 + 4*y**2 + y - 1. Determine q(i).
-5
Let b(u) be the second derivative of -u**4/12 + 5*u**3/6 + 5*u**2/2 + 13*u. Let w = 27 - 19. Let r = w + -3. Calculate b(r).
5
Let o be (0 - (-12)/(-2))*10/(-30). Let g(v) = -3*v - 2. Let m(t) = 10*t + 5. Let r(j) = 11*g(j) + 4*m(j). Give r(o).
12
Let d(v) = 1. Let r(i) = -2*i - 6. Let k(q) = 5*d(q) + r(q). Determine k(3).
-7
Let d(f) = 7*f**3 - 10*f**3 - 3 - 6*f + 2*f**3 - 5*f**2. Calculate d(-4).
5
Let i = -3 + 4. Let v = i + 4. Let h(u) = -2*u + 6. Give h(v).
-4
Let d(w) = w - 2. Suppose c + 3*c - 16 = 0. Determine d